10?
-102000111
In base 8, what is 3414 + -425650?
-422234
In base 5, what is -2301 - -322221?
314420
In base 14, what is 1199 - aa17?
-985c
In base 15, what is 584d6 - -40?
58526
In base 3, what is 21212102111 + -120220021?
21021112020
In base 11, what is -42 - 23116a3?
-2311735
In base 8, what is -23 - 2273553?
-2273576
In base 3, what is -2101010 + 21210?
-2002100
In base 11, what is -6445 - 15024?
-20469
In base 7, what is 1 - 1143605263?
-1143605262
In base 6, what is -21124420145 + 1?
-21124420144
In base 14, what is 37c + -13493?
-13115
In base 11, what is 73 + 39920?
39993
In base 9, what is -11716002 + 17?
-11715874
In base 3, what is 22 - -202110221021111?
202110221021210
In base 3, what is 221200020 + 11022022?
1002222112
In base 11, what is -171 + 339054?
338993
In base 7, what is 2051452 - 133?
2051316
In base 8, what is -343 + 3532671?
3532326
In base 7, what is -43 - 420033122?
-420033165
In base 13, what is -57c505 + 20?
-57c4b5
In base 8, what is -152603715 - 3?
-152603720
In base 16, what is -40 - 629b5d?
-629b9d
In base 2, what is -101 - 1010111101011111011011000001?
-1010111101011111011011000110
In base 5, what is 24 + -14141321332?
-14141321303
In base 10, what is 3 - -78383947?
78383950
In base 12, what is -4722a76 - 17?
-4722a91
In base 3, what is -2112102110102 + -21?
-2112102110200
In base 8, what is 125 - -112301?
112426
In base 3, what is 10 - -1012212100212?
1012212100222
In base 7, what is 2153131341 + -3?
2153131335
In base 12, what is 3 - 86a9843b?
-86a98438
In base 5, what is -100242 + 401431?
301134
In base 12, what is 4 - 69ba1b2?
-69ba1aa
In base 16, what is 119 - -1773?
188c
In base 10, what is -178 + -264584?
-264762
In base 16, what is e4a6 - 2e6?
e1c0
In base 13, what is -10b - 3331?
-343c
In base 7, what is -1115052 - -206?
-1114543
In base 10, what is 8070 - 310?
7760
In base 11, what is 1308422 - 2?
1308420
In base 13, what is 7c69 + 1004?
8c70
In base 3, what is -1 - -1011202211200?
1011202211122
In base 11, what is -154 + -2859538?
-2859691
In base 10, what is 145 - 18861?
-18716
In base 5, what is 30302121 - 124?
30301442
In base 9, what is -26333 + 71?
-26252
In base 12, what is 3815 + 26136?
2994b
In base 2, what is 101110011001101011 - 11000011111?
101110000001001100
In base 12, what is 37a8b78 + 5?
37a8b81
In base 15, what is -1 - 29600b?
-29600c
In base 6, what is -20001545123 - 5?
-20001545132
In base 3, what is -11 + 1110102012?
1110102001
In base 9, what is 45211275 - -5?
45211281
In base 15, what is -35602 - 1d4?
-357d6
In base 14, what is 313628 - 1?
313627
In base 6, what is 35 + -2210302123?
-2210302044
In base 5, what is 23 - 204000221?
-204000143
In base 7, what is 34 - 34304601?
-34304534
In base 8, what is 250300735 - -4?
250300741
In base 15, what is 811c6 - 96?
81130
In base 12, what is 3526711 + 2?
3526713
In base 6, what is 30255013 + 2055?
30301112
In base 11, what is -72523a4 + -26?
-725241a
In base 3, what is 110022211020 - -1112?
110022212202
In base 15, what is -6ea2ee7 + -3?
-6ea2eea
In base 9, what is 422 - -3130402?
3130824
In base 13, what is 150 + 50c1?
5241
In base 4, what is -100132 + -11320132?
-12020330
In base 5, what is -32201203 - -400?
-32200303
In base 8, what is 2176 - 64225?
-62027
In base 13, what is -4b02ab + 12a?
-4b0181
In base 11, what is 184 + -3417075?
-34169a1
In base 15, what is 870e90 + c?
870e9c
In base 6, what is -2432 - 41032432?
-41035304
In base 16, what is -3 + 45cb9?
45cb6
In base 15, what is -15d3 + 2d6?
-12ec
In base 10, what is 37092 + 798?
37890
In base 7, what is -121216 + 6362?
-111524
In base 15, what is -2126 - 23?
-2149
In base 4, what is 131322013 - 313?
131321100
In base 9, what is -4 - -3278414?
3278410
In base 10, what is 801986 + 105?
802091
In base 9, what is 11145318 - -18?
11145337
In base 2, what is -101110110000 - -10000001011010?
1010010101010
In base 8, what is -1046 - 6143?
-7211
In base 13, what is 6 + 6a93250?
6a93256
In base 3, what is 120022221121 + -11212210?
120011001211
In base 15, what is -c1c + -98a?
-16a7
In base 15, what is -5 - -840769?
840764
In base 12, what is -20 - -637030?
637010
In base 6, what is -2100143452 + -4?
-2100143500
In base 13, what is 17ac2b + -10?
17ac1b
In base 14, what is 17d633bc7 + -2?
17d633bc5
In base 4, what is 10022102302230 - 2?
10022102302222
In base 16, what is -4c + -f2c3d8?
-f2c424
In base 11, what is -3aaa363 + 0?
-3aaa363
In base 6, what is 1342 + -350321?
-344535
In base 3, what is -202121201212 - 101122?
-202122010111
In base 9, what is 35526381 - 2?
35526378
In base 5, what is -231204103 + 12?
-231204041
In base 2, what is 1010110 - 11010111101100100010111?
-11010111101100011000001
In base 3, what is -200111201 - -1102110?
-122002021
In base 12, what is -1610b072 + -5?
-1610b077
In base 10, what is -1540 - -201?
-1339
In base 5, what is -34 + -34120421?
-34121010
In base 6, what is -223120 - -2413?
-220303
In base 4, what is 0 + 220032302012?
220032302012
In base 12, what is -11911b46 + -6?
-11911b50
In base 9, what is -55653 + 774?
-54768
In base 9, what is -21247674 + -2?
-21247676
In base 10, what is 11919170 + -62?
11919108
In base 15, what is -89 + 19998?
1990e
In base 12, what is 105bb4 + 25b?
106253
In base 9, what is 1866360 - 31?
1866328
In base 13, what is 63b9b + 1?
63b9c
In base 2, what is 111010100111 - -11100101110101?
100100000011100
In base 4, what is 33 + 30002021301?
30002022000
In base 13, what is 151c21 - 11?
151c10
In base 4, what is -30000303 - -2202303?
-21132000
In base 7, what is -13053400 - -5?
-13053362
In base 10, what is -332 + 195333?
195001
In base 9, what is 36 - -84751?
84787
In base 14, what is -8 + 23a051c?
23a0514
In base 3, what is 1 + -101201220021?
-101201220020
In base 7, what is -13222622334 - 2?
-13222622336
In base 2, what is 0 + -1011001001010101000010001?
-1011001001010101000010001
In base 2, what is -1011010010011101 + -111100?
-1011010011011001
In base 11, what is -14796 + -5?
-147a0
In base 10, what is -38 + -5398?
-5436
In base 4, what is -12313 + 12223010?
12210031
In base 16, what is 220e + -4f0?
1d1e
In base 14, what is 1372091d + 2?
13720921
In base 10, what is -1712534 + -1?
-1712535
In base 2, what is -110111000011100010001010 + -1010?
-110111000011100010010100
In base 5, what is -1 + -44344030011?
-44344030012
In base 8, what is -236611537 + -1?
-236611540
In base 5, what is 234110331 - 22?
234110304
In base 7, what is 1 + -123564131?
-123564130
In base 10, what is 4 + 10443091?
10443095
In base 9, what is 483652 + -1?
483651
In base 8, what is 572250654 + -1?
572250653
In base 11, what is -11570a362 - 4?
-11570a366
In base 3, what is 11002112221 + 1000110?
11010120101
In base 4, what is -211 - 100210333122?
-100210333333
In base 14, what is -1 - 65bc534?
-65bc535
In base 10, what is 1381085 + 74?
1381159
In base 2, what is 101 - -1010010110100100001011?
1010010110100100010000
In base 2, what is 1101110101110 + -10001111?
1101100011111
In base 15, what is -172c43 - 33?
-172c76
In base 16, what is 349 - aca?
-781
In base 12, what is -a50b8256 + -3?
-a50b8259
In base 3, what is 20011 - 112202120100?
-112202100012
In base 12, what is 854 + 3679?
4311
In base 6, what is 111413 + -112151?
-334
In base 14, what is -dd00db - -61?
-dd007a
In base 2, what is -101 + 111011100111111110?
111011100111111001
In base 12, what is 2aaba - 30?
2aa8a
In base 5, what is 303 + -1410413?
-1410110
In base 13, what is -20b1c - 508?
-21327
In base 12, what is 42 - b610?
-b58a
In base 13, what is 12 - a2860c?
-a285ca
In base 4, what is -1220132 - 13223102?
-21103300
In base 8, what is -4 - -12666427?
12666423
In base 13, what is -68 - c3c5?
-c460
In base 7, what is 0 + 405116534?
405116534
In base 5, what is -3 + -1033444021?
-1033444024
In base 12, what is 4553 + 160b?
5b62
In base 10, what is 0 - 4096668?
-4096668
In base 12, what is 263917 + -2?
263915
In base 15, what is -892c + 2a7?
-8675
In base 10, what is -10 + 8045568?
8045558
In base 13, what is -76c2 - -7919?
227
In base 15, what is 61cc1 + -d?
61cb3
In base 2, what is -100101110100101100 - -11100110?
-100101110001000110
In base 14, what is -44585 + 53?
-44532
In base 4, what is -11 - 13232202203?
-13232202220
In base 15, what is -d - -d248bc?
d248ae
In base 5, what is -12313001